e 7) to base 15
229
Convert 19501 (base 11) to base 5.
1332401
139c (base 16) to base 9
6787
1303 (base 6) to base 10
327
Convert a8 (base 14) to base 4.
2110
Convert 104314 (base 5) to base 6.
25101
Convert 4a5 (base 12) to base 16.
2bd
-22b (base 16) to base 15
-270
What is -217 (base 13) in base 10?
-358
Convert 1010011110000010 (base 2) to base 11.
2a244
-3607 (base 11) to base 15
-1601
What is 31103 (base 6) in base 12?
2493
-220114 (base 6) to base 3
-220221201
What is 802 (base 11) in base 2?
1111001010
What is 4bb4 (base 15) in base 10?
16144
Convert 4744 (base 12) to base 11.
5a98
What is 103212 (base 4) in base 3?
1201110
Convert -3354 (base 7) to base 8.
-2277
Convert 1c58 (base 15) to base 10.
6158
Convert 819 (base 16) to base 12.
1249
Convert -3133220 (base 5) to base 13.
-1aa6b
26254 (base 13) to base 10
70711
Convert 4ad (base 15) to base 3.
1110101
What is -604 (base 10) in base 6?
-2444
What is -122b (base 12) in base 11?
-15a5
Convert -110101111111 (base 2) to base 7.
-13034
Convert 2031 (base 4) to base 7.
261
Convert -268 (base 9) to base 3.
-22022
Convert 11000 (base 2) to base 11.
22
Convert -3a24 (base 12) to base 14.
-25d2
Convert 68a9 (base 14) to base 8.
43405
22b (base 12) to base 5
2243
Convert -26565 (base 7) to base 16.
-1bf0
Convert -64b (base 12) to base 10.
-923
Convert 1a16 (base 13) to base 6.
30030
Convert 8929 (base 11) to base 3.
121010212
What is 1010 (base 9) in base 7?
2103
-356 (base 16) to base 12
-5b2
What is -3171 (base 16) in base 13?
-59b8
-93b (base 13) to base 2
-11000100011
What is 4575 (base 9) in base 5?
102024
1124 (base 7) to base 13
257
What is 2435 (base 13) in base 6?
35402
Convert 105c6 (base 13) to base 9.
44503
What is 2890 (base 10) in base 3?
10222001
Convert -102110 (base 3) to base 2.
-100110101
What is c8a5 (base 15) in base 5?
2324310
Convert 79 (base 10) to base 3.
2221
Convert -12222 (base 7) to base 14.
-1249
651 (base 11) to base 13
482
Convert 259 (base 10) to base 6.
1111
-1301 (base 4) to base 3
-11012
-653 (base 7) to base 4
-11030
Convert 283 (base 16) to base 3.
212211
-3756 (base 11) to base 8
-11445
What is -1b8 (base 14) in base 13?
-217
Convert 9002 (base 12) to base 4.
3303002
What is 127a (base 14) in base 6?
23004
Convert 29855 (base 10) to base 12.
1533b
Convert -34104 (base 5) to base 12.
-1484
What is 1800 (base 14) in base 2?
1000011011000
What is -81 (base 10) in base 11?
-74
Convert -6a1 (base 15) to base 2.
-10111011101
What is 3131231 (base 4) in base 16?
376d
-45753 (base 8) to base 14
-7123
What is 220 (base 12) in base 14?
184
Convert -552 (base 8) to base 15.
-192
What is 214 (base 14) in base 5?
3120
Convert -1cb (base 14) to base 7.
-1044
32120 (base 4) to base 7
2453
Convert 121000111 (base 3) to base 13.
5413
Convert 51 (base 10) to base 14.
39
What is -1403 (base 13) in base 2?
-101100111100
8a0 (base 12) to base 16
4f8
Convert 32133 (base 4) to base 16.
39f
What is 213013 (base 4) in base 11?
1976
Convert 1221 (base 3) to base 9.
57
Convert 1111011111 (base 2) to base 12.
6a7
114077 (base 8) to base 5
2221400
What is 172571 (base 8) in base 12?
30449
Convert -11a2b (base 12) to base 16.
-5d83
-1026 (base 8) to base 15
-259
-11cea (base 15) to base 6
-1115304
-10346 (base 7) to base 13
-1238
184a (base 15) to base 10
5245
100100010 (base 2) to base 15
145
Convert -2305 (base 7) to base 2.
-1101000110
Convert -6110 (base 10) to base 9.
-8338
What is 1b2 (base 14) in base 4?
11200
Convert -10062 (base 13) to base 5.
-1404031
-10 (base 3) to base 11
-3
What is -6c5 (base 13) in base 9?
-1545
Convert 215 (base 11) to base 12.
196
23313 (base 8) to base 3
111121211
Convert 11142 (base 5) to base 13.
494
What is -1302 (base 4) in base 2?
-1110010
What is -115 (base 6) in base 3?
-1202
Convert -dcb (base 14) to base 13.
-131a
1000110001010 (base 2) to base 14
18ca
Convert 793 (base 11) to base 10.
949
-10010111001110 (base 2) to base 6
-112450
What is c8e (base 16) in base 8?
6216
Convert -10010011011 (base 3) to base 9.
-103134
Convert 343 (base 5) to base 3.
10122
2837 (base 15) to base 5
233402
What is -1406 (base 13) in base 15?
-cbe
3130 (base 4) to base 6
1004
Convert 2421 (base 10) to base 7.
10026
What is -9930 (base 12) in base 3?
-212011100
1132 (base 5) to base 6
435
What is -6266 (base 9) in base 6?
-33140
What is 3547 (base 8) in base 10?
1895
Convert d49 (base 16) to base 11.
2612
Convert 430435 (base 6) to base 12.
1841b
Convert b8 (base 13) to base 15.
a1
-2323230 (base 4) to base 16
-2eec
Convert -11102110 (base 3) to base 6.
-22533
1020211 (base 3) to base 13
553
Convert -413102 (base 5) to base 15.
-401c
What is -839 (base 11) in base 6?
-4402
What is -2215 (base 6) in base 15?
-245
26a5 (base 11) to base 3
11210202
Convert 2101021 (base 3) to base 7.
5026
Convert 20141 (base 5) to base 13.
789
Convert -11 (base 12) to base 6.
-21
a2 (base 12) to base 6
322
What is -321314 (base 6) in base 12?
-1323a
-3dd9 (base 15) to base 10
-13254
692d (base 16) to base 15
7ea0
Convert -187 (base 10) to base 8.
-273
Convert -5604 (base 9) to base 10.
-4135
What is 8b2 (base 12) in base 15?
5ab
-651 (base 8) to base 16
-1a9
What is -27162 (base 11) in base 14?
-101c8
-100112101 (base 3) to base 12
-4031
Convert 1002112 (base 3) to base 10.
797
Convert -9705 (base 12) to base 10.
-16565
What is 1300 (base 5) in base 11?
172
-100110111000110 (base 2) to base 14
-7382
Convert -1626 (base 11) to base 16.
-825
What is -1011010110111 (base 2) in base 9?
-7871
What is 5c19 (base 13) in base 11?
9880
What is -400111 (base 5) in base 2?
-11000011110011
Convert -1880 (base 10) to base 6.
-12412
What is 75b (base 14) in base 10?
1453
What is 2102 (base 16) in base 11?
6392
Convert 3c32 (base 15) to base 11.
9742
What is 202200 (base 3) in base 14?
2bc
-17d5 (base 15) to base 3
-21001202
Convert -11305 (base 7) to base 13.
-141a
a167 (base 12) to base 14
6543
What is -22450 (base 8) in base 15?
-2c42
-4ca5 (base 13) to base 9
-16017
-2303 (base 5) to base 10
-328
Convert -167 (base 8) to base 9.
-142
-101121 (base 6) to base 3
-102000211
806 (base 9) to base 16
28e
What is -313020 (base 4) in base 16?
-dc8
What is -303013 (base 4) in base 11?
-2504
Convert c0b (base 14) to base 15.
a78
Convert -4a29 (base 11) to base 8.
-14645
310 (base 4) to base 6
124
What is -211210 (base 5) in base 11?
-5334
What is 770 (base 9) in base 5?
10010
What is 224 (base 15) in base 5?
3414
Convert -5a14 (base 11) to base 9.
-11725
11838 (base 9) to base 4
1330211
Convert 1002110020 (base 3) to base 6.
243223
Convert -282c (base 15) to base 5.
-233332
Convert 32543 (base 7) to base 16.
1fe5
Convert -c04 (base 13) to base 4.
-133300
Convert -2101210 (base 3) to base 5.
-23444
-12010 (base 4) to base 10
-388
What is -1b7 (base 12) in base 15?
-13d
What is 10001010000 (base 2) in base 6?
5040
What is -41ba (base 16) in base 6?
-205522
What is 7c41 (base 15) in base 3?
1100012021
What is c46d (base 15) in base 11?
29200
1405 (base 10) to base 13
841
What is -1054 (base 8) in base 10?
-556
What is -1351 (base 12) in base 11?
-173a
-2a646 (base 11) to base 5
-2341433
Convert 832 (base 11) to base 3.
1101011
Convert -18440 (base 10) to base 16.
-4808
Convert -1225 (base 10) to base 13.
-733
Convert -1101111110110 (base 2) to base 5.
-212113
-145 (base 6) to base 8
-101
2134 (base 11) to base 9
3773
Convert -538 (base 9) to base 5.
-3230
What is -43364 (base 9) in base 14?
-a684
Convert 21757 (base 10) to base 2.
101010011111101
What is 10220122 (base 3) in base 13?
13b5
3322 (base 7) to base 2
10010101000
What is -ba (base 12) in base 13?
-ac
What is -123b1 (base 12) in base 14?
-9045
What is 1122222121 (base 3) in base 16?
801a
Convert -553 (base 10) to base 3.
-202111
Convert 61d4 (base 14) to base 11.
11725
What is -52757 (base 8) in base 15?
-67b9
Convert -d9 (base 15) to base 6.
-540
Convert -255 (base 6) to base 13.
-83
What is -5984 (base 10) in base 16?
-1760
1b6 (base 12) to base 6
1150
Convert -313 (base 10) to base 11.
-265
1038 (base 10) to base 6
4450
3a98 (base 11) to base 14
1d14
545 (base 9) to base 3
121112
Convert -30038 (base 10) to base 5.
-1430123
4314 (base 6) to base 10
982
What is -331 (base 11) in base 13?
-247
-2202 (base 7) to base 16
-312
Convert 234 (ba